{"id":440,"date":"2020-07-13T06:55:45","date_gmt":"2020-07-13T06:55:45","guid":{"rendered":"https:\/\/gepkiraly-pcszerviz.hu\/?page_id=440"},"modified":"2023-07-16T22:10:11","modified_gmt":"2023-07-16T22:10:11","slug":"adatmentes","status":"publish","type":"page","link":"https:\/\/gepkiraly-pcszerviz.hu\/?page_id=440","title":{"rendered":"Adatment\u00e9s"},"content":{"rendered":"<p>[et_pb_section fb_built=&#8221;1&#8243; admin_label=&#8221;section&#8221; _builder_version=&#8221;3.22&#8243; custom_padding=&#8221;49px||0px|||&#8221;][et_pb_row column_structure=&#8221;1_2,1_2&#8243; use_custom_gutter=&#8221;on&#8221; gutter_width=&#8221;2&#8243; make_equal=&#8221;on&#8221; admin_label=&#8221;row&#8221; _builder_version=&#8221;4.4.5&#8243; background_size=&#8221;initial&#8221; background_position=&#8221;top_left&#8221; background_repeat=&#8221;repeat&#8221; width=&#8221;90%&#8221; width_tablet=&#8221;90%&#8221; width_phone=&#8221;90%&#8221; width_last_edited=&#8221;on|tablet&#8221; max_width=&#8221;1170px&#8221; max_width_tablet=&#8221;90%&#8221; max_width_phone=&#8221;90%&#8221; max_width_last_edited=&#8221;on|desktop&#8221; custom_padding=&#8221;0px|||||&#8221;][et_pb_column type=&#8221;1_2&#8243; _builder_version=&#8221;4.4.5&#8243; custom_padding=&#8221;|||&#8221; animation_style=&#8221;slide&#8221; animation_delay=&#8221;500ms&#8221; custom_padding__hover=&#8221;|||&#8221;][et_pb_text _builder_version=&#8221;4.0.9&#8243; text_font=&#8221;Poppins||||||||&#8221; text_text_color=&#8221;#0063d9&#8243; text_font_size=&#8221;36px&#8221; text_letter_spacing=&#8221;3px&#8221; text_line_height=&#8221;1em&#8221;]<\/p>\n<p>Adatment\u00e9s<\/p>\n<p>[\/et_pb_text][\/et_pb_column][et_pb_column type=&#8221;1_2&#8243; _builder_version=&#8221;4.4.5&#8243; custom_padding=&#8221;|||&#8221; animation_style=&#8221;slide&#8221; animation_delay=&#8221;750ms&#8221; custom_padding__hover=&#8221;|||&#8221;][\/et_pb_column][\/et_pb_row][\/et_pb_section][et_pb_section fb_built=&#8221;1&#8243; admin_label=&#8221;section&#8221; _builder_version=&#8221;4.4.5&#8243; custom_padding=&#8221;3px||27px||false|false&#8221;][et_pb_row column_structure=&#8221;1_2,1_2&#8243; use_custom_gutter=&#8221;on&#8221; gutter_width=&#8221;2&#8243; make_equal=&#8221;on&#8221; admin_label=&#8221;row&#8221; _builder_version=&#8221;4.4.5&#8243; background_size=&#8221;initial&#8221; background_position=&#8221;top_left&#8221; background_repeat=&#8221;repeat&#8221; width=&#8221;90%&#8221; width_tablet=&#8221;90%&#8221; width_phone=&#8221;90%&#8221; width_last_edited=&#8221;on|tablet&#8221; max_width=&#8221;1170px&#8221; max_width_tablet=&#8221;90%&#8221; max_width_phone=&#8221;90%&#8221; max_width_last_edited=&#8221;on|desktop&#8221; custom_margin=&#8221;|auto|-6px|auto||&#8221; custom_padding=&#8221;0px||13px|||&#8221;][et_pb_column type=&#8221;1_2&#8243; _builder_version=&#8221;3.25&#8243; custom_padding=&#8221;|||&#8221; custom_padding__hover=&#8221;|||&#8221;][et_pb_text _builder_version=&#8221;4.0.9&#8243; text_font=&#8221;Poppins|700|||||||&#8221; text_text_color=&#8221;#2b2b2d&#8221; text_font_size=&#8221;40px&#8221; text_letter_spacing=&#8221;-1px&#8221; text_line_height=&#8221;1.2em&#8221; text_orientation=&#8221;center&#8221; custom_margin=&#8221;25px||||false|false&#8221; custom_margin_tablet=&#8221;-10px||||false|false&#8221; custom_margin_phone=&#8221;-10px||||false|false&#8221; custom_margin_last_edited=&#8221;on|phone&#8221; text_font_size_tablet=&#8221;&#8221; text_font_size_phone=&#8221;30px&#8221; text_font_size_last_edited=&#8221;on|phone&#8221;]<\/p>\n<p>Adat vissza\u00e1ll\u00edt\u00e1s \/ Adatment\u00e9s<\/p>\n<p>[\/et_pb_text][et_pb_text _builder_version=&#8221;4.0.9&#8243; text_text_color=&#8221;#000000&#8243; header_text_color=&#8221;#000000&#8243;]<\/p>\n<p><b><span size=\"4\" style=\"font-size: large;\">Miben tudunk seg\u00edteni \u00d6nnek, ha megkeres minket?<\/span><\/b><\/p>\n<p><i>&#8211; File m\u0171veletek k\u00f6zben el\u0151fordul\u00f3 adatveszt\u00e9s eset\u00e9n.<\/i><\/p>\n<p>&#8211; V\u00e9letlen t\u00f6rl\u00e9ssel, vagy form\u00e1z\u00e1ssal j\u00e1r\u00f3 adatveszt\u00e9skor.<\/p>\n<p>&#8211; Olvashatatlan adathordoz\u00f3k, illetve k\u00f6nyvt\u00e1rak, file-ok eset\u00e9ben.<\/p>\n<p>&#8211; Ha nem ismeri fel a \u201erendszer\u201d a meghajt\u00f3(ka)t, adathordoz\u00f3kat.<\/p>\n<p>&#8211; T\u00falfesz\u00fclts\u00e9get kapott eszk\u00f6z eset\u00e9n.<\/p>\n<p><b><i>&#8211; \u00c9s minden olyan esetben, amikor \u00d6n \u00fagy gondolja, hogy adathordoz\u00f3ival kapcsolatban seg\u00edts\u00e9gre van sz\u00fcks\u00e9ge.<\/i><\/b><\/p>\n<p>&nbsp;<\/p>\n<p>[\/et_pb_text][\/et_pb_column][et_pb_column type=&#8221;1_2&#8243; _builder_version=&#8221;3.25&#8243; custom_padding=&#8221;|||&#8221; custom_padding__hover=&#8221;|||&#8221;][et_pb_image src=&#8221;https:\/\/gepkiraly-pcszerviz.hu\/wp-content\/uploads\/2020\/07\/easyus.jpg&#8221; _builder_version=&#8221;4.0.9&#8243; width=&#8221;90%&#8221; module_alignment=&#8221;center&#8221; border_width_all=&#8221;3px&#8221; border_color_all=&#8221;#0c71c3&#8243; box_shadow_style=&#8221;preset1&#8243;][\/et_pb_image][\/et_pb_column][\/et_pb_row][et_pb_row _builder_version=&#8221;4.0.9&#8243; custom_margin=&#8221;|auto||59px||&#8221;][et_pb_column type=&#8221;4_4&#8243; _builder_version=&#8221;4.0.9&#8243;][et_pb_text _builder_version=&#8221;4.0.9&#8243;]<\/p>\n<h3><span>Adatment\u00e9s, adat vissza\u00e1ll\u00edt\u00e1s logikai hiba vagy kisebb fizikai hiba eset\u00e9n.<\/span><\/h3>\n<p>Az adathordoz\u00f3 adatment\u00e9se l\u00e9nyegesen egyszer\u0171bb \u00e9s kevesebbe ker\u00fcl.<br \/> Ennek jelei merevlemez eset\u00e9n: a sz\u00e1m\u00edt\u00f3g\u00e9p ki\u00edrja, hogy nem tal\u00e1l oper\u00e1ci\u00f3s rendszert, az oper\u00e1ci\u00f3s rendszer nem indul, vagy elindul de folyamatosan \u00fajraindul. A sz\u00e1m\u00edt\u00f3g\u00e9p BIOS-a jelzi, hogy a merevlemez hib\u00e1s.<br \/> Pendrive eset\u00e9n a sz\u00e1m\u00edt\u00f3g\u00e9p felismeri az eszk\u00f6zt, de nem tud r\u00f3la adatokat olvasni.<br \/> Ezekben az esetekben \u00e1ltal\u00e1ban el\u00e9rhet\u0151 a k\u00f6zel 100%-os ment\u00e9si ar\u00e1ny.<\/p>\n<p>[\/et_pb_text][et_pb_text _builder_version=&#8221;4.0.9&#8243;]<\/p>\n<h2><span>Adatment\u00e9s, adat vissza\u00e1ll\u00edt\u00e1s t\u00f6rl\u00e9s, form\u00e1z\u00e1s ut\u00e1n.<br \/><\/span><\/h2>\n<p>Ha v\u00e9letlen t\u00f6r\u00f6lt\u00fcnk egy olyan f\u00e1jlt amit nem szerett\u00fcnk volna \u00e9s szeretn\u00e9nk vissza\u00e1ll\u00edtani, nem kell megijedni. Csup\u00e1n annyit kell tenn\u00fcnk hogy azonnal lecsatlakoztatjuk az adathordoz\u00f3t \u00e9s eljuttatjuk azt egy hozz\u00e1\u00e9rt\u0151 szakemberhez. Fontos hogy ne hajtsunk v\u00e9gre tov\u00e1bbi feladatokat, mert minden beavatkoz\u00e1ssal cs\u00f6kkenhet az es\u00e9lye a sikeres adatment\u00e9snek.<\/p>\n<p>Form\u00e1z\u00e1s eset\u00e9n szint\u00e9n elv\u00e9gezhet\u0151 m\u00e9g sikeres adatment\u00e9s ugyanis am\u00edg nem kezdj\u00fck el \u00fajra \u00edrni az adathordoz\u00f3t az el\u0151z\u0151 adatok visszanyerhet\u0151ek. Ez\u00e9rt fontos itt is mint minden esetben hogy id\u0151ben szakemberhez forduljunk.<\/p>\n<h2><span>Adatment\u00e9s, adat vissza\u00e1ll\u00edt\u00e1s pendrive-r\u00f3l, mem\u00f3ria k\u00e1rty\u00e1r\u00f3l.<\/span><\/h2>\n<p>El\u0151fordul hogy amikor a pendrive-t csatlakoztatjuk, a PC form\u00e1z\u00e1st k\u00e9r \u00e9s nem enged m\u00e1st csin\u00e1lni, ilyen esetekben az eszk\u00f6z nem m\u0171k\u00f6dik megfelel\u0151en. Fontos hogy ilyenkor ne form\u00e1zzuk le, hanem min\u00e9l hamarabb vigy\u00fck el egy szak\u00e9rt\u0151h\u00f6z. Enn\u00e9l a hib\u00e1n\u00e1l az adatment\u00e9s nagy es\u00e9llyel sikeresen v\u00e9grehajthat\u00f3.<\/p>\n<p>Ha az eszk\u00f6zt nem \u00e9rz\u00e9keli a sz\u00e1m\u00edt\u00f3g\u00e9p akkor besz\u00e9lhet\u00fcnk meghajt\u00f3 hib\u00e1r\u00f3l, amennyiben fontosak a t\u00e1rolt adatok ne form\u00e1zzuk le, b\u00edzzuk egy adatment\u0151 csapatra. Amennyiben ezeket szem el\u0151tt tartjuk sikeres lehet az adatment\u00e9s.<\/p>\n<p><span>Figyelem!<\/span><\/p>\n<p>1. Adatment\u00e9s eset\u00e9n a hiba komolys\u00e1g\u00e1nak felm\u00e9r\u00e9s\u00e9t \u00e9rdemes szakemberre b\u00edzni, mert sokszor m\u00e9g a komolyabb fizikai hiba eset\u00e9n is kider\u00fclhet, hogy bont\u00e1s n\u00e9lk\u00fcl v\u00e9grehajthat\u00f3 sikeres adatment\u00e9s.<br \/>2. Abban az esetben, ha \u00d6n nem j\u00e1rtas az adatment\u00e9s praktik\u00e1kban, \u00fagy csak akkor k\u00eds\u00e9rletezzen a hib\u00e1s adathordoz\u00f3val, ha az adatok nem \u00e9rt\u00e9kesek. Nem megfelel\u0151 beavatkoz\u00e1ssal tov\u00e1bbi adatveszt\u00e9st \u00e9rhet el, illetve egy kis fizikai hib\u00e1val, k\u00f6nnyen menthet\u0151 eszk\u00f6zb\u0151l komoly hiba \u00e9s dr\u00e1ga adatment\u00e9s lehet, mire szakemberhez jut vele.<\/p>\n<p>[\/et_pb_text][\/et_pb_column][\/et_pb_row][\/et_pb_section][et_pb_section fb_built=&#8221;1&#8243; admin_label=&#8221;section&#8221; _builder_version=&#8221;4.4.5&#8243; custom_padding=&#8221;3px||5px||false|false&#8221;][et_pb_row use_custom_gutter=&#8221;on&#8221; gutter_width=&#8221;2&#8243; make_equal=&#8221;on&#8221; admin_label=&#8221;row&#8221; _builder_version=&#8221;4.0.9&#8243; background_size=&#8221;initial&#8221; background_position=&#8221;top_left&#8221; background_repeat=&#8221;repeat&#8221; width=&#8221;90%&#8221; width_tablet=&#8221;90%&#8221; width_phone=&#8221;90%&#8221; width_last_edited=&#8221;on|tablet&#8221; max_width=&#8221;1170px&#8221; max_width_tablet=&#8221;90%&#8221; max_width_phone=&#8221;90%&#8221; max_width_last_edited=&#8221;on|desktop&#8221; custom_padding=&#8221;13px||34px|||&#8221; border_width_all=&#8221;5px&#8221; border_color_all=&#8221;#0c71c3&#8243;][et_pb_column type=&#8221;4_4&#8243; _builder_version=&#8221;3.25&#8243; custom_padding=&#8221;|||&#8221; custom_padding__hover=&#8221;|||&#8221;][et_pb_text _builder_version=&#8221;4.0.9&#8243; text_font=&#8221;Lustria||||||||&#8221; text_text_color=&#8221;#000000&#8243; text_font_size=&#8221;27px&#8221; text_line_height=&#8221;1.6em&#8221; text_orientation=&#8221;center&#8221; max_width=&#8221;657px&#8221; module_alignment=&#8221;center&#8221; custom_margin=&#8221;25px||||false|false&#8221; custom_margin_tablet=&#8221;-10px||||false|false&#8221; custom_margin_phone=&#8221;-10px||||false|false&#8221; custom_margin_last_edited=&#8221;on|phone&#8221; border_width_all=&#8221;12px&#8221; border_color_all=&#8221;#e02b20&#8243;]<\/p>\n<p><b>Adatment\u00e9s<\/b>: 06 30 607-6177<br \/><strong>E-mail:<\/strong>\u00a0info@gepkiraly-pcszerviz.hu<\/p>\n<p>[\/et_pb_text][\/et_pb_column][\/et_pb_row][\/et_pb_section][et_pb_section fb_built=&#8221;1&#8243; admin_label=&#8221;section&#8221; _builder_version=&#8221;4.4.5&#8243; background_color=&#8221;#F7F7F7&#8243; custom_padding=&#8221;0px||0px||true|&#8221; scroll_scaling_tablet=&#8221;0|50|50|100|100%|100|100&#8243; scroll_scaling_phone=&#8221;0|50|50|100|100%|100|100&#8243; scroll_scaling_last_edited=&#8221;on|phone&#8221;][\/et_pb_section]<\/p>\n","protected":false},"excerpt":{"rendered":"<p>Adatment\u00e9sAdat vissza\u00e1ll\u00edt\u00e1s \/ Adatment\u00e9sMiben tudunk seg\u00edteni \u00d6nnek, ha megkeres minket? &#8211; File m\u0171veletek k\u00f6zben el\u0151fordul\u00f3 adatveszt\u00e9s eset\u00e9n. &#8211; V\u00e9letlen t\u00f6rl\u00e9ssel, vagy form\u00e1z\u00e1ssal j\u00e1r\u00f3 adatveszt\u00e9skor. &#8211; Olvashatatlan adathordoz\u00f3k, illetve k\u00f6nyvt\u00e1rak, file-ok eset\u00e9ben. &#8211; Ha nem ismeri fel a \u201erendszer\u201d a meghajt\u00f3(ka)t, adathordoz\u00f3kat. &#8211; T\u00falfesz\u00fclts\u00e9get kapott eszk\u00f6z eset\u00e9n. &#8211; \u00c9s minden olyan esetben, amikor \u00d6n \u00fagy gondolja, [&hellip;]<\/p>\n","protected":false},"author":1,"featured_media":0,"parent":0,"menu_order":0,"comment_status":"closed","ping_status":"closed","template":"","meta":{"_et_pb_use_builder":"on","_et_pb_old_content":"","_et_gb_content_width":"","footnotes":""},"yst_prominent_words":[],"class_list":["post-440","page","type-page","status-publish","hentry"],"_links":{"self":[{"href":"https:\/\/gepkiraly-pcszerviz.hu\/index.php?rest_route=\/wp\/v2\/pages\/440"}],"collection":[{"href":"https:\/\/gepkiraly-pcszerviz.hu\/index.php?rest_route=\/wp\/v2\/pages"}],"about":[{"href":"https:\/\/gepkiraly-pcszerviz.hu\/index.php?rest_route=\/wp\/v2\/types\/page"}],"author":[{"embeddable":true,"href":"https:\/\/gepkiraly-pcszerviz.hu\/index.php?rest_route=\/wp\/v2\/users\/1"}],"replies":[{"embeddable":true,"href":"https:\/\/gepkiraly-pcszerviz.hu\/index.php?rest_route=%2Fwp%2Fv2%2Fcomments&post=440"}],"version-history":[{"count":6,"href":"https:\/\/gepkiraly-pcszerviz.hu\/index.php?rest_route=\/wp\/v2\/pages\/440\/revisions"}],"predecessor-version":[{"id":605,"href":"https:\/\/gepkiraly-pcszerviz.hu\/index.php?rest_route=\/wp\/v2\/pages\/440\/revisions\/605"}],"wp:attachment":[{"href":"https:\/\/gepkiraly-pcszerviz.hu\/index.php?rest_route=%2Fwp%2Fv2%2Fmedia&parent=440"}],"wp:term":[{"taxonomy":"yst_prominent_words","embeddable":true,"href":"https:\/\/gepkiraly-pcszerviz.hu\/index.php?rest_route=%2Fwp%2Fv2%2Fyst_prominent_words&post=440"}],"curies":[{"name":"wp","href":"https:\/\/api.w.org\/{rel}","templated":true}]}}